{"id":19,"date":"2018-04-06T20:14:54","date_gmt":"2018-04-06T20:14:54","guid":{"rendered":"http:\/\/www.unisalesiano.com.br\/jogosuniversitarios\/?page_id=19"},"modified":"2022-09-06T18:47:50","modified_gmt":"2022-09-06T18:47:50","slug":"inscricao-geral","status":"publish","type":"page","link":"http:\/\/www.unisalesiano.com.br\/jogosuniversitarios\/inscricao-geral\/","title":{"rendered":"Inscri\u00e7\u00e3o Geral"},"content":{"rendered":"<p><strong><span style=\"color: #ff0000;\">INSCRI\u00c7\u00d5ES ABERTAS<\/span><\/strong><span style=\"color: #3366ff;\"><strong> &#8211; CLIQUE NO BANNER CORRESPONDENTE A MODALIDADE\u00a0<\/strong><\/span><\/p>\n\n\n<figure class=\"wp-block-image size-large\"><a href=\"https:\/\/forms.gle\/zSQhj7gdaLxTNqRW9\"><img loading=\"lazy\" width=\"1024\" height=\"257\" src=\"http:\/\/www.unisalesiano.com.br\/jogosuniversitarios\/wp-content\/uploads\/2022\/09\/Capa-Formulario-JUS-Futsal-1024x257.png\" alt=\"\" class=\"wp-image-273\" srcset=\"http:\/\/www.unisalesiano.com.br\/jogosuniversitarios\/wp-content\/uploads\/2022\/09\/Capa-Formulario-JUS-Futsal-1024x257.png 1024w, http:\/\/www.unisalesiano.com.br\/jogosuniversitarios\/wp-content\/uploads\/2022\/09\/Capa-Formulario-JUS-Futsal-300x75.png 300w, http:\/\/www.unisalesiano.com.br\/jogosuniversitarios\/wp-content\/uploads\/2022\/09\/Capa-Formulario-JUS-Futsal-768x193.png 768w, http:\/\/www.unisalesiano.com.br\/jogosuniversitarios\/wp-content\/uploads\/2022\/09\/Capa-Formulario-JUS-Futsal-1536x386.png 1536w, http:\/\/www.unisalesiano.com.br\/jogosuniversitarios\/wp-content\/uploads\/2022\/09\/Capa-Formulario-JUS-Futsal.png 1920w\" sizes=\"(max-width: 767px) 89vw, (max-width: 1000px) 54vw, (max-width: 1071px) 543px, 580px\" \/><\/a><\/figure>\n\n\n\n<figure class=\"wp-block-image size-large\"><a href=\"https:\/\/forms.gle\/w5koab6MRQK4JPY7A\"><img loading=\"lazy\" width=\"1024\" height=\"257\" src=\"http:\/\/www.unisalesiano.com.br\/jogosuniversitarios\/wp-content\/uploads\/2022\/09\/Capa-Formulario-JUS-Futebol-Society-1024x257.png\" alt=\"\" class=\"wp-image-274\" srcset=\"http:\/\/www.unisalesiano.com.br\/jogosuniversitarios\/wp-content\/uploads\/2022\/09\/Capa-Formulario-JUS-Futebol-Society-1024x257.png 1024w, http:\/\/www.unisalesiano.com.br\/jogosuniversitarios\/wp-content\/uploads\/2022\/09\/Capa-Formulario-JUS-Futebol-Society-300x75.png 300w, http:\/\/www.unisalesiano.com.br\/jogosuniversitarios\/wp-content\/uploads\/2022\/09\/Capa-Formulario-JUS-Futebol-Society-768x193.png 768w, http:\/\/www.unisalesiano.com.br\/jogosuniversitarios\/wp-content\/uploads\/2022\/09\/Capa-Formulario-JUS-Futebol-Society-1536x386.png 1536w, http:\/\/www.unisalesiano.com.br\/jogosuniversitarios\/wp-content\/uploads\/2022\/09\/Capa-Formulario-JUS-Futebol-Society.png 1920w\" sizes=\"(max-width: 767px) 89vw, (max-width: 1000px) 54vw, (max-width: 1071px) 543px, 580px\" \/><\/a><\/figure>\n\n\n\n<figure class=\"wp-block-image size-large\"><a href=\"https:\/\/forms.gle\/ck3aHipFDPwnee4D7\"><img loading=\"lazy\" width=\"1024\" height=\"257\" src=\"http:\/\/www.unisalesiano.com.br\/jogosuniversitarios\/wp-content\/uploads\/2022\/09\/Capa-Formulario-JUS-Voleibol-1024x257.png\" alt=\"\" class=\"wp-image-276\" srcset=\"http:\/\/www.unisalesiano.com.br\/jogosuniversitarios\/wp-content\/uploads\/2022\/09\/Capa-Formulario-JUS-Voleibol-1024x257.png 1024w, http:\/\/www.unisalesiano.com.br\/jogosuniversitarios\/wp-content\/uploads\/2022\/09\/Capa-Formulario-JUS-Voleibol-300x75.png 300w, http:\/\/www.unisalesiano.com.br\/jogosuniversitarios\/wp-content\/uploads\/2022\/09\/Capa-Formulario-JUS-Voleibol-768x193.png 768w, http:\/\/www.unisalesiano.com.br\/jogosuniversitarios\/wp-content\/uploads\/2022\/09\/Capa-Formulario-JUS-Voleibol-1536x386.png 1536w, http:\/\/www.unisalesiano.com.br\/jogosuniversitarios\/wp-content\/uploads\/2022\/09\/Capa-Formulario-JUS-Voleibol.png 1920w\" sizes=\"(max-width: 767px) 89vw, (max-width: 1000px) 54vw, (max-width: 1071px) 543px, 580px\" \/><\/a><\/figure>\n\n\n\n<figure class=\"wp-block-image size-large\"><a href=\"https:\/\/forms.gle\/yAzACqbDB3nURUU5A\"><img loading=\"lazy\" width=\"1024\" height=\"257\" src=\"http:\/\/www.unisalesiano.com.br\/jogosuniversitarios\/wp-content\/uploads\/2022\/09\/Capa-Formulario-JUS-Handebol-1024x257.png\" alt=\"\" class=\"wp-image-272\" srcset=\"http:\/\/www.unisalesiano.com.br\/jogosuniversitarios\/wp-content\/uploads\/2022\/09\/Capa-Formulario-JUS-Handebol-1024x257.png 1024w, http:\/\/www.unisalesiano.com.br\/jogosuniversitarios\/wp-content\/uploads\/2022\/09\/Capa-Formulario-JUS-Handebol-300x75.png 300w, http:\/\/www.unisalesiano.com.br\/jogosuniversitarios\/wp-content\/uploads\/2022\/09\/Capa-Formulario-JUS-Handebol-768x193.png 768w, http:\/\/www.unisalesiano.com.br\/jogosuniversitarios\/wp-content\/uploads\/2022\/09\/Capa-Formulario-JUS-Handebol-1536x386.png 1536w, http:\/\/www.unisalesiano.com.br\/jogosuniversitarios\/wp-content\/uploads\/2022\/09\/Capa-Formulario-JUS-Handebol.png 1920w\" sizes=\"(max-width: 767px) 89vw, (max-width: 1000px) 54vw, (max-width: 1071px) 543px, 580px\" \/><\/a><\/figure>\n\n\n\n<figure class=\"wp-block-image size-large\"><a href=\"https:\/\/forms.gle\/2QvybHKHHEewXpgm7\"><img loading=\"lazy\" width=\"1024\" height=\"257\" src=\"http:\/\/www.unisalesiano.com.br\/jogosuniversitarios\/wp-content\/uploads\/2022\/09\/Capa-Formulario-JUS-Cheerleaders-1024x257.png\" alt=\"\" class=\"wp-image-275\" srcset=\"http:\/\/www.unisalesiano.com.br\/jogosuniversitarios\/wp-content\/uploads\/2022\/09\/Capa-Formulario-JUS-Cheerleaders-1024x257.png 1024w, http:\/\/www.unisalesiano.com.br\/jogosuniversitarios\/wp-content\/uploads\/2022\/09\/Capa-Formulario-JUS-Cheerleaders-300x75.png 300w, http:\/\/www.unisalesiano.com.br\/jogosuniversitarios\/wp-content\/uploads\/2022\/09\/Capa-Formulario-JUS-Cheerleaders-768x193.png 768w, http:\/\/www.unisalesiano.com.br\/jogosuniversitarios\/wp-content\/uploads\/2022\/09\/Capa-Formulario-JUS-Cheerleaders-1536x386.png 1536w, http:\/\/www.unisalesiano.com.br\/jogosuniversitarios\/wp-content\/uploads\/2022\/09\/Capa-Formulario-JUS-Cheerleaders.png 1920w\" sizes=\"(max-width: 767px) 89vw, (max-width: 1000px) 54vw, (max-width: 1071px) 543px, 580px\" \/><\/a><\/figure>\n\n\n<figure class=\"wp-block-image size-large\"><\/figure>\n\n<figure class=\"wp-block-image size-large\"><\/figure>\n\n<figure class=\"wp-block-image size-large\"><\/figure>\n\n<p><strong><br><\/strong><strong><span style=\"color: #993300;\"><span style=\"color: #ff0000;\">\u21d2TIMES INSCRITOS\u21d0<\/span> <\/span><\/strong><\/p>\n<p style=\"text-align: left;\"><span style=\"color: #993300;\">Lembrando que conforme regulamento a participa\u00e7\u00e3o \u00e9 exclusiva para alunos\/matriculados no UniSALESIANO<\/span><\/p>","protected":false},"excerpt":{"rendered":"<p>INSCRI\u00c7\u00d5ES ABERTAS &#8211; CLIQUE NO BANNER CORRESPONDENTE A MODALIDADE\u00a0 \u21d2TIMES INSCRITOS\u21d0 Lembrando que conforme regulamento a participa\u00e7\u00e3o \u00e9 exclusiva para alunos\/matriculados no UniSALESIANO<\/p>\n","protected":false},"author":1,"featured_media":0,"parent":0,"menu_order":0,"comment_status":"closed","ping_status":"closed","template":"","meta":[],"_links":{"self":[{"href":"http:\/\/www.unisalesiano.com.br\/jogosuniversitarios\/wp-json\/wp\/v2\/pages\/19"}],"collection":[{"href":"http:\/\/www.unisalesiano.com.br\/jogosuniversitarios\/wp-json\/wp\/v2\/pages"}],"about":[{"href":"http:\/\/www.unisalesiano.com.br\/jogosuniversitarios\/wp-json\/wp\/v2\/types\/page"}],"author":[{"embeddable":true,"href":"http:\/\/www.unisalesiano.com.br\/jogosuniversitarios\/wp-json\/wp\/v2\/users\/1"}],"replies":[{"embeddable":true,"href":"http:\/\/www.unisalesiano.com.br\/jogosuniversitarios\/wp-json\/wp\/v2\/comments?post=19"}],"version-history":[{"count":22,"href":"http:\/\/www.unisalesiano.com.br\/jogosuniversitarios\/wp-json\/wp\/v2\/pages\/19\/revisions"}],"predecessor-version":[{"id":277,"href":"http:\/\/www.unisalesiano.com.br\/jogosuniversitarios\/wp-json\/wp\/v2\/pages\/19\/revisions\/277"}],"wp:attachment":[{"href":"http:\/\/www.unisalesiano.com.br\/jogosuniversitarios\/wp-json\/wp\/v2\/media?parent=19"}],"curies":[{"name":"wp","href":"https:\/\/api.w.org\/{rel}","templated":true}]}}